0
What is the thousands digit of 4258989?
8
What is the hundred thousands digit of 1032602?
0
What is the tens digit of 1640491?
9
What is the hundreds digit of 1483004?
0
What is the tens digit of 569348?
4
What is the tens digit of 2341847?
4
What is the thousands digit of 6112552?
2
What is the ten thousands digit of 1029190?
2
What is the ten thousands digit of 64718?
6
What is the hundred thousands digit of 435298?
4
What is the tens digit of 749489?
8
What is the ten thousands digit of 241707?
4
What is the units digit of 4925071?
1
What is the tens digit of 8588419?
1
What is the units digit of 4903?
3
What is the ten thousands digit of 240655?
4
What is the thousands digit of 13682401?
2
What is the hundred thousands digit of 1036036?
0
What is the thousands digit of 220739?
0
What is the units digit of 366518?
8
What is the tens digit of 7801850?
5
What is the hundred thousands digit of 609303?
6
What is the tens digit of 1297305?
0
What is the hundreds digit of 1675?
6
What is the units digit of 339766?
6
What is the hundreds digit of 15457177?
1
What is the hundred thousands digit of 308191?
3
What is the units digit of 3861102?
2
What is the hundred thousands digit of 1502174?
5
What is the hundred thousands digit of 1248041?
2
What is the ten thousands digit of 858512?
5
What is the ten thousands digit of 3674352?
7
What is the tens digit of 263356?
5
What is the hundred thousands digit of 446846?
4
What is the thousands digit of 99011?
9
What is the hundred thousands digit of 530203?
5
What is the tens digit of 13883506?
0
What is the hundreds digit of 2896441?
4
What is the ten thousands digit of 2369128?
6
What is the hundreds digit of 666967?
9
What is the hundred thousands digit of 10170163?
1
What is the tens digit of 549305?
0
What is the units digit of 1232593?
3
What is the millions digit of 2247149?
2
What is the hundreds digit of 1947842?
8
What is the ten thousands digit of 3702801?
0
What is the ten thousands digit of 425677?
2
What is the millions digit of 1219718?
1
What is the ten thousands digit of 254738?
5
What is the tens digit of 1481973?
7
What is the thousands digit of 318521?
8
What is the hundred thousands digit of 6877227?
8
What is the thousands digit of 4016838?
6
What is the hundred thousands digit of 416401?
4
What is the hundred thousands digit of 330119?
3
What is the ten thousands digit of 79312?
7
What is the ten thousands digit of 9917043?
1
What is the units digit of 2628684?
4
What is the ten thousands digit of 2863075?
6
What is the hundreds digit of 44126?
1
What is the units digit of 4656920?
0
What is the tens digit of 31060959?
5
What is the tens digit of 392576?
7
What is the millions digit of 8242049?
8
What is the hundreds digit of 61908?
9
What is the millions digit of 1046256?
1
What is the hundreds digit of 323141?
1
What is the tens digit of 973978?
7
What is the ten thousands digit of 435865?
3
What is the hundreds digit of 287166?
1
What is the ten thousands digit of 6244535?
4
What is the hundreds digit of 440478?
4
What is the tens digit of 225929?
2
What is the hundred thousands digit of 176230?
1
What is the hundreds digit of 687500?
5
What is the hundred thousands digit of 4897552?
8
What is the hundreds digit of 856689?
6
What is the hundred thousands digit of 5440579?
4
What is the tens digit of 433478?
7
What is the units digit of 31255?
5
What is the hundred thousands digit of 1784680?
7
What is the hundred thousands digit of 6865456?
8
What is the ten thousands digit of 1841849?
4
What is the hundred thousands digit of 8393082?
3
What is the thousands digit of 1065877?
5
What is the units digit of 189053?
3
What is the hundred thousands digit of 178156?
1
What is the hundred thousands digit of 26888350?
8
What is the hundred thousands digit of 5928610?
9
What is the hundred thousands digit of 2590451?
5
What is the hundred thousands digit of 190566?
1
What is the tens digit of 2546518?
1
What is the millions digit of 9398631?
9
What is the units digit of 228920?
0
What is the hundreds digit of 3447854?
8
What is the hundred thousands digit of 228403?
2
What is the hundreds digit of 1745447?
4
What is the hundreds digit of 118584?
5
What is the hundreds digit of 5384968?
9
What is the units digit of 1255589?
9
What is the ten thousands digit of 6630532?
3
What is the hundred thousands digit of 792856?
7
What is the units digit of 604600?
0
What is the hundred thousands digit of 18661276?
6
What is the hundred thousands digit of 19995388?
9
What is the hundred thousands digit of 1514546?
5
What is the hundreds digit of 9546165?
1
What is the ten thousands digit of 760083?
6
What is the hundreds digit of 65212?
2
What is the hundred thousands digit of 5483391?
4
What is the ten thousands digit of 663786?
6
What is the tens digit of 1209935?
3
What is the units digit of 9859142?
2
What is the units digit of 444251?
1
What is the tens digit of 27622?
2
What is the hundreds digit of 539896?
8
What is the hundred thousands digit of 6434460?
4
What is the hundreds digit of 19521797?
7
What is the tens digit of 6805668?
6
What is the thousands digit of 2723093?
3
What is the thousands digit of 154865?
4
What is the thousands digit of 125166?
5
What is the ten thousands digit of 18258565?
5
What is the ten thousands digit of 45582?
4
What is the hundred thousands digit of 2988880?
9
What is the ten thousands digit of 176721?
7
What is the tens digit of 3267230?
3
What is the hundred thousands digit of 1360093?
3
What is the thousands digit of 489202?
9
What is the ten thousands digit of 12951064?
5
What is the thousands digit of 279355?
9
What is the units digit of 11641093?
3
What is the thousands digit of 2213203?
3
What is the hundred thousands digit of 1580297?
5
What is the ten thousands digit of 4558203?
5
What is the hundreds digit of 693290?
2
What is the ten thousands digit of 3003128?
0
What is the millions digit of 11097344?
1
What is the hundred thousands digit of 17731310?
7
What is the tens digit of 3130469?
6
What is the thousands digit of 34149285?
9
What is the hundred thousands digit of 225850?
2
What is the hundred thousands digit of 678298?
6
What is the hundred thousands digit of 382283?
3
What is the hundred thousands digit of 3346739?
3
What is the units digit of 479114?
4
What is the thousands digit of 401065?
1
What is the ten thousands digit of 295367?
9
What is the thousands digit of 6370228?
0
What is the hundred thousands digit of 222417?
2
What is the ten thousands digit of 4634233?
3
What is the tens digit of 2372122?
2
What is the ten thousands digit of 264765?
6
What is the tens digit of 514836?
3
What is the ten thousands digit of 614577?
1
What is the tens digit of 253606?
0
What is the hundreds digit of 4063669?
6
What is the tens digit of 437719?
1
What is the tens digit of 763458?
5
What is the units digit of 2028853?
3
What is the tens digit of 1872605?
0
What is the ten thousands digit of 18860386?
6
What is the hundreds digit of 3790959?
9
What is the units digit of 9297985?
5
What is the units digit of 395963?
3
What is the tens digit of 107978?
7
What is the tens digit of 36075?
7
What is the tens digit of 157390?
9
What is the thousands digit of 3582781?
2
What is the ten thousands digit of 131150?
3
What is the hundreds digit of 411144?
1
What is the hundreds digit of 1146398?
3
What is the ten thousands digit of 108363?
0
What is the tens digit of 132794?
9
What is the thousands digit of 296351?
6
What is the millions digit of 3101585?
3
What is the millions digit of 1460136?
1
What is the thousands digit of 23100071?
0
What is the units digit of 14468532?
2
What is the millions digit of 6939634?
6
What is the ten millions digit of 17946659?
1
What is the tens digit of 2135617?
1
What is the tens digit of 22260669?
6
What is the ten thousands digit of 1121262?
2
What is the thousands digit of 19323?
9
What is the ten thousands digit of 1028888?
2
What is the units digit of 3439056?
6
What is the hundreds digit of 9251502?
5
What is the ten thousands digit of 175321?
7
What is the units digit of 33547?
7
What is the hundred thousands digit of 495364?
4
What is the thousands digit of 8296901?
6
What is the units digit of 1083863?
3
